ulate the highest common divisor of 95 and p.
19
Suppose 5*l + 448 - 5 = -2*o, 5*o = -l - 84. Let b = l + 138. Let p(q) = -q. Let d be p(-7). Calculate the highest common divisor of b and d.
7
Let o be (2 - -1)*(1 + 0). Suppose 0 = -o*w - 12, 0 = -5*i + 5*w - 2*w + 17. What is the greatest common divisor of i and 1?
1
Let w(s) = -5*s - 36. Let f(x) = -11*x - 73. Let k(n) = 4*f(n) - 9*w(n). Let y be k(0). Suppose 0 = 3*c - 0 - 12. What is the highest common divisor of c and y?
4
Suppose 3*y - 460 = -y. Let x = y + -63. Let l = 31 - 18. What is the highest common divisor of x and l?
13
Let f be (-3)/(-2)*(-380)/(-30). Calculate the greatest common divisor of f and 209.
19
Let d(q) = 11*q + 11. Let h be d(5). Let g(y) = y**2 - 3*y - 4. Let r be g(5). What is the greatest common divisor of r and h?
6
Let q be 4/(-6)*15/2. Let h be (60/75)/((-2)/q). Suppose 3*o + 3 = -5*p + 10, 5*o + 5*p - 15 = 0. Calculate the highest common divisor of h and o.
2
Let j = -23 + 34. Let z = 3 - -19. What is the greatest common factor of z and j?
11
Let g = -308 + 473. What is the highest common factor of g and 66?
33
Suppose -5*o - 4*b = -7*b - 16, -b + 13 = 2*o. What is the greatest common factor of 15 and o?
5
Let d = -7 - -15. Suppose d*n = 11*n - 72. What is the highest common factor of n and 8?
8
Suppose -2*q + 9 = -13. What is the highest common divisor of 11 and q?
11
Suppose 0 = -14*y + 12*y + 418. Let f be 0/(-1)*(-2)/(-4). Suppose 2*o + 99 = 5*i, f*o - 4*o + 49 = 3*i. What is the greatest common divisor of y and i?
19
Let t = 27 - 2. Let m = t + -19. What is the greatest common factor of m and 15?
3
Suppose 21 = 3*i - 105. Calculate the greatest common factor of 336 and i.
42
Suppose 4*t - o - 94 = 0, t + 0*o - 16 = 4*o. Calculate the highest common factor of 168 and t.
24
Let y be (-405)/20 - 1/(-4). Let n be (-5)/((-5)/(-2)) - y. Suppose -2*c + 50 = i - c, -2*i + 4*c = -124. Calculate the greatest common divisor of n and i.
18
Let x = 1 + 1. Suppose x*o + 3*o - 5 = 0. Let q = 15 + -14. What is the greatest common divisor of o and q?
1
Let y(d) = -1. Let m(l) = 15*l - 8. Let a(v) = m(v) - 6*y(v). Let h be a(2). Calculate the highest common divisor of 14 and h.
14
Let u be 4/(-5)*10/(-4). Let g be (-39)/(-4) - 2/(-8). Suppose 9*z - 4*z = g. What is the highest common factor of u and z?
2
Let a be 42/(-8)*(-64)/12. Suppose -u + a = 17. Calculate the highest common factor of 44 and u.
11
Suppose -2*m + 56 = -m. Suppose 4*c + 2*a + 41 - 141 = 0, 0 = -2*c + 2*a + m. Let q = 43 - 30. Calculate the highest common divisor of c and q.
13
Suppose -4 = 5*b - 424. Suppose 72 = i - b. What is the greatest common factor of i and 26?
26
Let r be 51/7 + 2/(-7). Let t be 86/6 - (-4)/6. Let q = -8 + t. What is the highest common divisor of r and q?
7
Let v = -11 + 14. Calculate the highest common divisor of 21 and v.
3
Let a(r) = -3*r - 22. Let p(o) = -o. Let b(h) = -a(h) + 4*p(h). Let n be b(0). What is the highest common factor of n and 110?
22
Let s be (-4 + 6 - -4)*6. What is the highest common divisor of s and 54?
18
Let x = 1 - -4. Let h(w) = w**3 + 2*w**2 - w - 1. Let l be h(-2). Calculate the highest common factor of l and x.
1
Suppose 0 = -7*b + 15*b - 816. What is the greatest common divisor of b and 34?
34
Suppose 2*c + p + 77 = -199, -3*p = 6. Let b = -97 - c. Calculate the highest common divisor of b and 8.
8
Suppose 2*q - 57 = -p + 25, p - 2*q = 94. Let s = -21 + 29. What is the highest common divisor of s and p?
8
Suppose -5*u = -0*u - 130. Let f be (-4)/(-12) + u/3. Let g(j) = j + 36. Let p be g(0). Calculate the greatest common divisor of p and f.
9
Suppose -2*r - 6 = 0, -1 = -u - r - 2*r. What is the greatest common divisor of 50 and u?
10
Let p(n) = -n**2 + 16. Let j be p(-7). Let a = j + 49. What is the greatest common factor of a and 24?
8
Let q = 7 + -16. Let w be 40/6 + 6/q. Let y be (0 - (-9)/w)*88. What is the greatest common factor of 12 and y?
12
Suppose 0 = w - 5*w + 56. What is the greatest common factor of w and 21?
7
Let y = 5 + -3. Suppose -y*z = -1 - 3. Suppose 0*t + 18 = z*t. What is the highest common divisor of 81 and t?
9
Let k be (-52)/(-9) + 14/63. What is the highest common divisor of 2 and k?
2
Let w(k) = 9*k**2 + 7 + 4*k - 4 + k**2. Let b be w(-2). Let t(a) = 2*a**2 + a - 1. Let m be t(-3). What is the highest common factor of m and b?
7
Suppose 0 = 2*t - 6*s + s - 35, -4*s + 8 = 2*t. Let k = -5 + t. Suppose -k*n = -2*n - 21. Calculate the highest common divisor of n and 1.
1
Let l be (-2 + 3)/((-2)/(-26)). Let i be (0 - (1 - l)) + 0. Let f be (21 + 0)*6/7. Calculate the highest common factor of i and f.
6
Let k be -3 + (2/3 - 1533/(-9)). What is the greatest common divisor of 21 and k?
21
Let u be 1/9 - 355/(-45). What is the greatest common factor of u and 20?
4
Let y be 3/9*0 - -16. Suppose -3*q + y + 2 = 0. Suppose 3*h + 190 = 6*h + 4*u, 0 = -2*h - 3*u + 126. What is the highest common factor of h and q?
6
Suppose -2*w = -5*h + w + 10, -2*w + 15 = h. Let k = h - 9. Let p be (10 + k)/(2*1). Calculate the highest common divisor of p and 33.
3
Let p = -60 + 99. Let x be (1*-3)/(16/48). Let s be 14/(-63) + (-119)/x. What is the greatest common divisor of p and s?
13
Let c = -137 - -141. What is the highest common factor of 14 and c?
2
Let f be (2/(-4))/((-11)/44). What is the highest common factor of 18 and f?
2
Suppose 1171 = 10*b - 39. Let j = 7 + 4. What is the highest common divisor of j and b?
11
Let l be (-2)/(-6)*(0 + 0). Let y be (-216)/(-15) - (-4)/(-10). Suppose p + p - y = l. What is the greatest common factor of p and 21?
7
Let w be 162/(-6)*4/(-3). Calculate the greatest common factor of 54 and w.
18
Suppose -3*w - 3*r = -375, w + 10 - 135 = -3*r. Calculate the highest common divisor of 50 and w.
25
Let u(a) = a**3 + 9*a**2 - a - 6. Let l be u(-9). Let y(n) = n - 3. Let i be y(5). What is the highest common divisor of l and i?
1
Let a(j) = -56*j**3. Let l be a(-1). What is the highest common factor of 8 and l?
8
Let f(r) = 4*r**2 + r - 1. Let i be f(5). Let j = 10 + 3. Calculate the highest common factor of j and i.
13
Let y be (-4 + 3 + -4)*-3. What is the highest common divisor of y and 30?
15
Suppose 6*r - 298 - 122 = 0. Calculate the greatest common factor of 10 and r.
10
Let v(o) = o**3 + 12*o**2 + 7*o - 6. Let g be v(-11). Let s = -17 + g. Calculate the greatest common divisor of s and 7.
7
Let w = -85 + 145. Let y = 26 + -14. What is the greatest common factor of y and w?
12
Let l(m) = m**2 - 1. Let p be l(2). Suppose -81 = -5*q - 281. Let a = -19 - q. Calculate the highest common factor of a and p.
3
Let p = 7 - -7. Suppose -g - w + 26 = 0, 4*g - 114 = -w + 2*w. Calculate the highest common divisor of g and p.
14
Suppose 2*j - a = 7*j + 232, 2*j + 85 = -3*a. Let w = j - -98. What is the greatest common divisor of w and 34?
17
Suppose 17 = 2*l - 13. Suppose -2*z - z = -l. Suppose -2*j + z*x + 7 = 0, -j - x + 11 + 10 = 0. What is the greatest common factor of 4 and j?
4
Let r = -83 + 128. Let m(g) = g + 5. Let c be m(-8). Let q = c + 8. What is the highest common factor of q and r?
5
Let u be (-29)/(-7) - 15/105. Let q = 99 - 55. Calculate the greatest common factor of u and q.
4
Suppose -f + 7*f = 840. Calculate the highest common divisor of f and 20.
20
Suppose -3*z - 20 = -50. Let y(o) = -3*o**3 - o**2 - 2*o + 2. Let u be y(-3). What is the highest common factor of u and z?
10
Let d(a) = a - 4. Let k be d(-4). Let l = k - -4. Let g = 5 + l. What is the highest common divisor of 7 and g?
1
Let g be ((-54)/(-12))/(1/2). Calculate the greatest common divisor of 81 and g.
9
Suppose -4*b = -31 - 65. Let u = 34 - 30. What is the highest common factor of b and u?
4
Let z be ((-10)/3)/((-10)/165). Calculate the greatest common divisor of z and 5.
5
Let j = 68 + -52. What is the highest common factor of 24 and j?
8
Suppose 2*r - 6 = 34. What is the greatest common factor of r and 50?
10
Let w = -6 + 18. Suppose 6 = 2*f - 4*p, -w = -4*f + 3*p - 6*p. Calculate the greatest common divisor of f and 12.
3
Suppose 4*w + 155 = 9*w. What is the highest common factor of w and 217?
31
Suppose 45 = 3*f + a, 7*f - 2*f + 4*a = 68. Let i be 254/4 - 4/(-8). Calculate the highest common divisor of i and f.
16
Let s = 121 - -33. S